*2 - 10*j + 14. Let o be u(8). Let a be -30*o*(-3)/15. What are the prime factors of 27/a*(-70 + 6)?
2, 3
Let s(m) = 229*m**2 - 42*m - 102. What are the prime factors of s(-11)?
28069
Let r be (4021 + 2)*4/3. Suppose -3*p - r = -21*p. What are the prime factors of p?
2, 149
Let x = -41646 - -70765. What are the prime factors of x?
37, 787
Suppose -2*c - f + 42750 = 0, -3*c - 4*f = f - 64104. What are the prime factors of c?
2, 3, 7, 509
Suppose 104560 = 16*b + 34*b + 13710. List the prime factors of b.
23, 79
List the prime factors of 45342460/1116 + 5/((-45)/4).
3, 29, 467
Let r(d) = 460*d**2 + 215*d - 1626. List the prime factors of r(7).
3, 47, 53
Let y be -4 - (-9565)/25 - 4/(-10). Let t = y + -254. What are the prime factors of ((-550)/t)/(1/(-30))?
2, 3, 11
Suppose 5*d = 4*o + 1185, 6*o + 718 = 3*d + 5*o. Suppose 5*f - 2*l = f + 250, 4*f = 5*l + d. List the prime factors of f.
2
Let x(r) = -5*r + 26. Let m be x(-17). Suppose -4*l + 12 = 0, 0 = -0*s - 2*s + l + m. Suppose -s = -3*z + 60. What are the prime factors of z?
3, 13
Let a be (-4)/((-16)/(-4004)) + 1. Let o = a + 1423. What are the prime factors of o?
3, 47
Let p = -52 - -54. Suppose -4*l = 4*c + 88, -3*l + 44 = -p*c + l. What are the prime factors of 4/c + 1344/11?
2, 61
Let j = 13140 - 6350. Suppose -3*y + 10*y - j = 0. What are the prime factors of y?
2, 5, 97
Suppose 2*f + 21 = 9*f. Suppose -7*y + 5*t = -2*y - 40, 0 = 4*y + f*t + 3. Suppose -n + 46 = -3*i, 4*n = -y*i - 0*i + 154. What are the prime factors of n?
2, 5
Suppose q + 2*h - 55 = 0, -4*q - 2*h - 45 = -295. Let j = q - 65. Suppose 3*k = 2*k - 5*d + 121, 3*k - 5*d - 403 = j. What are the prime factors of k?
131
What are the prime factors of ((-48724)/(-10) - 4)*5/2?
3, 4057
Let s(i) = 1685*i**2 - 155*i + 321. What are the prime factors of s(2)?
43, 157
Suppose -15*z - 197*z + 6052274 = 242*z. What are the prime factors of z?
13331
Let z(f) = 3*f**3 - 42*f**2 + 23*f - 55. What are the prime factors of z(30)?
5, 11, 797
Let v(t) = t**2 - 15*t - 19. Let y be v(16). Let u(h) = 16*h + 11. Let r be u(y). What are the prime factors of r*(-3)/9*(2 + 4)?
2, 37
Suppose -2*y = -3*d + 29, -12 = -5*y - 3*d - 53. Let q(o) = -896*o + 8 + 445*o - 21 + 439*o. What are the prime factors of q(y)?
107
Suppose -2*c - 37856 = -16*c. Suppose 0 = 2*z - k - 688 - 670, 4*z - c = 5*k. What are the prime factors of z?
3, 227
Let i = -72 - -273. Let b = i + 507. List the prime factors of b.
2, 3, 59
Suppose z - 11856 = m, 5*z - 59343 = -325*m + 323*m. List the prime factors of z.
3, 5, 7, 113
Let c = 50 - 11. Let r be (-5284)/(-6) + (-26)/c. Suppose 3*s - r = -5*s. List the prime factors of s.
2, 5, 11
Suppose -11*q + 4*q - 6*q = -67041. What are the prime factors of q?
3, 191
Suppose -3*v + 2*r - 22 = 0, -3*v - 10 = -4*v + 5*r. Let b(y) be the first derivative of -y**2 + 4*y - 95. List the prime factors of b(v).
2, 3
Let b(j) = 6 + 1 + j**3 - 3 + 0*j**3 + 4*j + 8*j**2. Let z be b(-7). List the prime factors of z - (4 - 2/1).
23
Let h(o) = -o**2 - 23*o - 39. Let q be h(-21). Let f(p) = -7*p**2 + p**2 + 1068*p - 1 + 2 + 8*p**q - 1071*p. List the prime factors of f(3).
2, 7, 11
Let h = -211 + 136. What are the prime factors of ((-120)/h)/((-1)/(-500))?
2, 5
Let k = -132 - -137. Suppose 0 = k*r - w - 73, -r + 7 = -5*w + w. What are the prime factors of 381*(2 - r/9)?
127
What are the prime factors of (8996/(-39) - -14)/(948/477 - 2)?
5, 13, 53
Let v(g) = -g**3 + 5*g**2 + 12*g + 14. Let m be v(7). Let y = -5 + 8. Suppose 3*k + f - 150 = -3*f, m = f + y. List the prime factors of k.
2, 3
Let u(l) = 772*l - 1895. List the prime factors of u(7).
11, 29
Suppose 4*l + 5181 = c - 3892, -l + 90402 = 10*c. What are the prime factors of c?
9041
Let l(o) = 26*o + 19. Let x(y) = -13*y - 9. Let s(b) = -3*l(b) - 7*x(b). Let t be s(6). Suppose 0 = -g + 25 + t. List the prime factors of g.
109
Suppose 0 = 7*y - 4859 + 11789. Let o = 2296 + y. What are the prime factors of o?
2, 653
Suppose 5*j = -4*n + 133, -8*n = -3*n + 4*j - 164. Suppose -5*r + 4*u = -785, -4*u - n = -12. List the prime factors of ((-3)/(-6)*r)/(6/8).
2, 3, 17
Suppose -3*x - 4*x = 154. Let k(d) = -d**3 - 19*d**2 + 55*d + 28. What are the prime factors of k(x)?
2, 3, 5
Suppose -5*n + 5*c = -625, 10*n - 3*c = 5*n + 619. Let q = n + 285. List the prime factors of q.
11, 37
Let u = 528 - 370. Suppose 2*z - 102 = u. Let y = 221 - z. List the prime factors of y.
7, 13
Suppose 0 = 5*y + 2*o - 51206, -8*y + 14*y - 61456 = 2*o. What are the prime factors of y?
2, 3, 569
What are the prime factors of (45/(-6))/(52/(-327704))?
3, 5, 23, 137
Let f(p) = 205*p - 77. Let y be f(-5). Let x = 191 - y. What are the prime factors of x?
3, 431
Let k(n) = 6279*n + 413. What are the prime factors of k(7)?
2, 7, 3169
List the prime factors of (-511512)/(-504) - (-14)/147.
5, 7, 29
Suppose 0 = 3*j - 2*j + 2*s - 1672, -4*j + 6688 = -2*s. What are the prime factors of j?
2, 11, 19
Suppose -5*j + 51503 = 261*l - 257*l, -j = l - 12875. List the prime factors of l.
2, 1609
Suppose z - 64364 = -2*a, 22*a = 4*z + 20*a - 257406. Suppose 16*u + 30*u = z. What are the prime factors of u?
1399
Suppose g = -4*v + 3516, -5*v + 1851 = 4*g - 2544. Suppose -6*z + v = -5*z. List the prime factors of z.
3, 293
Let b(d) = d**3 - 19*d**2 - 17*d - 21. Let s be b(20). Suppose 691 = w + s. What are the prime factors of w?
2, 163
Let u(s) = -19 - 5*s**2 - 3*s + 0 - 9*s + 4*s**2. List the prime factors of u(-8).
13
Let x(g) = -23*g + 33*g + 8*g**2 - g**2 + 0*g**2 - 23. What are the prime factors of x(9)?
2, 317
Let z(h) = -3814*h - 783. What are the prime factors of z(-3)?
3, 11, 17, 19
Let q(r) be the first derivative of 2*r**4/3 + 3*r**3 - 5*r**2/2 - 7*r + 23. Let d(t) be the first derivative of q(t). What are the prime factors of d(-4)?
3, 17
Let s = -20 - -95. Let f = 79 - s. What are the prime factors of (2/f)/(1330/(-444) - -3)?
3, 37
Let s(f) be the first derivative of -20*f**2 - 49*f + 426. Let j = -13 + 8. What are the prime factors of s(j)?
151
What are the prime factors of (3/5 + (1898886/55)/(-2))*-1?
2, 3, 7, 137
Let w be -1746*(-7)/14 - 6. Suppose -48*b = -51*b + w. What are the prime factors of b?
17
Suppose 2*j - 1833 = 349. Suppose -4*s + j = 3*f, -3*s - 4*f = f - 821. Suppose 462 = 2*o + 5*g, -o - 5*g = 41 - s. What are the prime factors of o?
3, 7, 11
Suppose 5*f + 64 = 79. Suppose f*y = -5*g + 962, -5*y = 4*g - y - 768. List the prime factors of g.
193
Suppose -7*y + 4*t = -9*y + 16, -2*y + 16 = 3*t. Suppose -17*a + y*a = -945. What are the prime factors of a?
3, 5, 7
Let c = -2399 + 4574. What are the prime factors of c?
3, 5, 29
Let h = 19 - 13. Suppose -k = 4*k - 3*w + 8, -4 = -4*w. What are the prime factors of 55 + (k + -2 + h)*-1?
2, 13
Let v be (-51)/24 + 2 - (-123)/24. Suppose -198 = -3*m - 5*y, v*m + y - 139 = 169. List the prime factors of m.
61
Let f = -5177 - -5189. Suppose -7*a + 3*a = -680. Suppose -1130 + a = -f*p. What are the prime factors of p?
2, 5
Suppose 830*y + 137193 = -832*y + 1665*y. What are the prime factors of y?
7, 47, 139
Let d = 496 + -501. List the prime factors of 0 + d/1 - 2*-150.
5, 59
Let u(d) = -2942*d + 229. List the prime factors of u(-2).
6113
Let o(b) = 858*b**2 - 93*b + 52. List the prime factors of o(6).
2, 11, 1381
Suppose 13*u + 144 = 17*u. Suppose -u = -2*p - 7*p. List the prime factors of (470/(-10))/((-2)/p).
2, 47
Let u(c) = -15*c - 11. Let v be u(-1). Suppose v*l - 2872 = 3*g - 8*g, 4*l = -8. List the prime factors of g.
2, 3
Suppose -18*m + 25*m = 2023. Suppose -353 = -3*r + m. Let q = 373 - r. List the prime factors of q.
3, 53
Suppose -17*v - 24991 = 15214. Let z = v + 3517. What are the prime factors of z?
2, 3
Suppose q - 3 = -8, 0 = s + 4*q - 71. List the prime factors of s.
7, 13
What are the prime factors of (25970/(-40))/((-3)/48)?
2, 7, 53
Suppose -59*w = -60*w + 12654. Suppose -w = -90*t + 33*t. What are the prime factors of t?
2, 3, 37
Suppose 864386 = -22789*v + 22875*v. List the prime factors of v.
19, 23
Suppose -4*r = z - 48017, 10*r - 5*z = -3*r + 155981. What are the prime factors of r?
2, 17, 353
Let n = 42 - 60. Let t(r) = -63*r. Let p be t(-1). Let q = n + p. List the prime factors of q.
3, 5
Let s(b) = -18*b + 15*b - 26*b + b**2 + 79. What are the p